 198833711 a prime number?
True
Is 13416794 prime?
False
Is 20265859 prime?
True
Is 6112643 a prime number?
True
Is 853487 composite?
True
Is 220630871 a prime number?
False
Is 392638507 a prime number?
True
Is 100783433 prime?
True
Is 122211991 a prime number?
False
Is 14441503 a prime number?
True
Is 7080923 a composite number?
False
Is 114850987 a prime number?
False
Is 855187 prime?
True
Is 7849651 composite?
True
Is 1420429 prime?
True
Is 841493 prime?
False
Is 16882637 a prime number?
False
Is 18041038 a composite number?
True
Is 181105159 prime?
False
Is 229508063 prime?
True
Is 1257491 composite?
False
Is 4442909 a prime number?
True
Is 119834885 a composite number?
True
Is 25828579 prime?
False
Is 1614911 a prime number?
True
Is 2261993 a composite number?
False
Is 41026951 a prime number?
False
Is 1848503 a prime number?
True
Is 52756681 prime?
True
Is 3251693 a composite number?
False
Is 379248533 a composite number?
False
Is 2213891 composite?
False
Is 2691893 prime?
True
Is 92936953 prime?
True
Is 10800761 composite?
False
Is 71310133 prime?
True
Is 4539541 a prime number?
True
Is 20358757 a composite number?
True
Is 115410107 prime?
False
Is 15091511 composite?
True
Is 12511427 composite?
True
Is 1773949 a composite number?
False
Is 124930969 a composite number?
False
Is 28905433 a composite number?
True
Is 2807209 prime?
True
Is 10454629 a prime number?
True
Is 403169 composite?
True
Is 20245733 a prime number?
False
Is 1352347 a composite number?
False
Is 5698687 prime?
False
Is 61623311 a prime number?
True
Is 42220559 a prime number?
True
Is 815261 prime?
True
Is 171863 prime?
True
Is 6072901 a composite number?
False
Is 576263 a prime number?
False
Is 343927097 a prime number?
False
Is 42165467 composite?
False
Is 2848319 composite?
False
Is 438439 prime?
True
Is 69459359 prime?
True
Is 26119645 a prime number?
False
Is 383413 a composite number?
True
Is 982013 prime?
False
Is 2084389 a composite number?
False
Is 2475367 a prime number?
True
Is 208188451 a composite number?
False
Is 953297 a composite number?
False
Is 234083 a prime number?
True
Is 15005981 composite?
False
Is 2264293 a composite number?
False
Is 521221487 a composite number?
False
Is 2556977 prime?
True
Is 67650977 a composite number?
False
Is 9449299 composite?
False
Is 27320039 composite?
False
Is 2341637 a prime number?
True
Is 61232827 prime?
False
Is 21936947 a composite number?
True
Is 92671541 a prime number?
False
Is 14271541 a composite number?
False
Is 53410589 composite?
False
Is 110436713 a prime number?
True
Is 4248779 composite?
False
Is 409838343 prime?
False
Is 1831598 a prime number?
False
Is 110021119 prime?
False
Is 21571833 a composite number?
True
Is 1062107 a prime number?
True
Is 518521 a composite number?
False
Is 1365659 composite?
False
Is 20270303 a composite number?
False
Is 3068639 composite?
True
Is 59920067 a composite number?
True
Is 20902507 prime?
True
Is 136871 composite?
True
Is 31848137 prime?
True
Is 125038733 prime?
True
Is 8235463 a composite number?
True
Is 3447337 a composite number?
True
Is 6789191 a prime number?
True
Is 1745201 prime?
False
Is 206272219 prime?
True
Is 5116039 a composite number?
False
Is 2780867 prime?
False
Is 422537 prime?
True
Is 488603 composite?
False
Is 4317387 a composite number?
True
Is 62703541 prime?
True
Is 848394947 a prime number?
True
Is 14217107 composite?
False
Is 204101869 prime?
True
Is 43509707 composite?
False
Is 50833 prime?
True
Is 135436447 a prime number?
False
Is 99211603 a composite number?
False
Is 2638429 prime?
False
Is 569453203 prime?
False
Is 224511137 a composite number?
False
Is 21189257 prime?
False
Is 10743361 a prime number?
True
Is 48751069 a composite number?
True
Is 19138661 composite?
False
Is 46574527 prime?
False
Is 10599509 a composite number?
True
Is 10399657 prime?
False
Is 6258467 a composite number?
True
Is 5847463 composite?
False
Is 3983509 a composite number?
False
Is 36453757 a composite number?
False
Is 66167 prime?
False
Is 1511186 composite?
True
Is 3265949 a composite number?
False
Is 24843437 composite?
False
Is 11936549 a composite number?
False
Is 73364173 a composite number?
True
Is 25498877 composite?
False
Is 574397 a composite number?
True
Is 6347221 a prime number?
True
Is 368038693 prime?
False
Is 35831 a composite number?
False
Is 38715083 a composite number?
True
Is 4007537 a composite number?
True
Is 490519 prime?
True
Is 885611383 a prime number?
True
Is 585396311 composite?
False
Is 115201 a composite number?
False
Is 64220977 composite?
False
Is 1200083977 a composite number?
True
Is 1397014 composite?
True
Is 937415797 a composite number?
False
Is 2812897 a composite number?
False
Is 724946218 a composite number?
True
Is 3483933497 a prime number?
False
Is 16619923 composite?
False
Is 15270161 a composite number?
True
Is 9234647 prime?
True
Is 11723441 a prime number?
False
Is 37639981 a prime number?
True
Is 2931227 a prime number?
False
Is 59806633 a composite number?
False
Is 146500771 prime?
False
Is 146177 a prime number?
False
Is 279269 composite?
False
Is 61058981 a composite number?
True
Is 949889 composite?
False
Is 14972723 prime?
False
Is 781661 composite?
False
Is 7890137 a prime number?
True
Is 51945701 a prime number?
True
Is 68285257 composite?
True
Is 3499399 a composite number?
True
Is 60735578 a prime number?
False
Is 2234207 a prime number?
True
Is 3398209 prime?
True
Is 37847543 a prime number?
True
Is 350127571 prime?
True
Is 4135933 prime?
True
Is 592674737 a prime number?
True
Is 5634611 composite?
False
Is 5124577 a composite number?
True
Is 311654559 composite?
True
Is 23463023 a prime number?
True
Is 60196309 composite?
False
Is 259766735 a prime number?
False
Is 502235 composite?
True
Is 16033673 a prime number?
True
Is 59493151 composite?
True
Is 129137531 composite?
False
Is 136460969 prime?
False
Is 402774007 a prime number?
True
Is 494882639 a composite number?
False
Is 295319567 a prime number?
True
Is 2826682 a composite number?
True
Is 606657 a prime number?
False
Is 27683773 a prime number?
False
Is 734117 prime?
False
Is 131513549 a prime number?
True
Is 1440899 composite?
True
Is 66095021 a prime number?
False
Is 899683 prime?
False
Is 12438553 prime?
True
Is 4867103 a composite number?
False
Is 207621221 a composite number?
True
Is 10409471 composite?
True
Is 1341611 prime?
True
Is 14295781 a composite number?
False
Is 101658347 a composite number?
True
Is 782444387 a composite number?
True
Is 7906423 composite?
True
Is 6520127 a prime number?
True
Is 336011993 a composite number?
True
Is 2427133 composite?
True
Is 4918841 a composite number?
False
Is 52807529 composite?
False
Is 8177411 a composite number?
True
Is 178966181 prime?
True
Is 14681543 prime?
True
Is 1225331 a prime number?
True
Is 449888807 prime?
True
Is 6032269 a composite number?
False
Is 4083007 composite?
True
Is 4946057 composite?
False
Is 1306927 a prime number?
False
Is 523211529 a composite number?
True
Is 27671171 prime?
False
Is 35136749 composite?
True
Is 15667031 prime?
True
Is 531679 a composite number?
True
Is 267829 a prime number?
True
Is 389452807 composite?
False
Is 91257391 prime?
True
Is 392062631 prime?
False
Is 5644167 a prime number?
False
Is 57818801 composite?
False
Is 3389899 a prime number?
False
Is 31411979 composite?
False
Is 20308049 prime?
True
Is 114127 a composite number?
True
Is 7368761 a prime number?
False
Is 29379477 prime?
False
Is 9589235 composite?
True
Is 71933831 composite?
False
Is 82537853 composite?
False
Is 15545479 a composite number?
True
Is 55258499 a prime number?
False
Is 25942591 a composite number?
True
Is 35728469 prime?
False
Is 3575654 prime?
False
Is 5616097 a composite number?
False
Is 3434993 a composite number?
True
Is 4520479 prime?
False
Is 34938413 a composite number?
False
Is 4883971 prime?
True
Is 10019281 a prime number?
True
Is 47263379 prime?
True
Is 264812729 prime?
False
Is 67918601 prime?
True
Is 902137 a composite number?
False
Is 280136282 composite?
True
Is 90719119 composite?
False
Is 30832961 composite?
False
Is 6475223 a prime number?
True
Is 897401 a composite number?
False
Is 148969 prime?
False
Is 146635543 a prime number?
True
Is 198694 co